{"id":1068,"date":"2023-08-24T06:48:23","date_gmt":"2023-08-24T06:48:23","guid":{"rendered":"https:\/\/demo.crmperks.com\/plugins\/?post_type=product&#038;p=1068"},"modified":"2023-08-24T06:48:23","modified_gmt":"2023-08-24T06:48:23","slug":"meuble-bas-2-tiroirs-casseroliers-soft-close-l60-x-h85-x-p58-blanc-melamine-mat-meuble-livre-monte","status":"publish","type":"product","link":"https:\/\/demo.crmperks.com\/plugins\/product\/meuble-bas-2-tiroirs-casseroliers-soft-close-l60-x-h85-x-p58-blanc-melamine-mat-meuble-livre-monte\/","title":{"rendered":"Meuble bas 2 tiroirs casseroliers (Soft close) L60 x H85 x P58 &#8211; Blanc m\u00e9lamin\u00e9 mat &#8211; meuble livr\u00e9 mont\u00e9"},"content":{"rendered":"<p><img loading=\"lazy\" class=\"alignnone wp-image-195913\" src=\"https:\/\/easy-mobilier.com\/wp-content\/uploads\/2023\/04\/ICON-CAISON-PEFC.png\" alt=\"\" width=\"100\" height=\"98\" \/><img loading=\"lazy\" class=\"alignnone wp-image-195923\" src=\"https:\/\/easy-mobilier.com\/wp-content\/uploads\/2023\/04\/ICON-facade-PEFC.png\" alt=\"\" width=\"100\" height=\"98\" \/><img loading=\"lazy\" class=\"alignnone wp-image-195921\" src=\"https:\/\/easy-mobilier.com\/wp-content\/uploads\/2023\/04\/ICON-epaisseur.png\" alt=\"\" width=\"100\" height=\"98\" \/><img loading=\"lazy\" class=\"alignnone wp-image-195922\" src=\"https:\/\/easy-mobilier.com\/wp-content\/uploads\/2023\/04\/ICON-garantie.png\" alt=\"\" width=\"100\" height=\"98\" \/><img loading=\"lazy\" class=\"alignnone wp-image-195920\" src=\"https:\/\/easy-mobilier.com\/wp-content\/uploads\/2023\/04\/ICON-espagne-.png\" alt=\"\" width=\"100\" height=\"98\" \/><img loading=\"lazy\" class=\"alignnone wp-image-195919\" src=\"https:\/\/easy-mobilier.com\/wp-content\/uploads\/2023\/04\/ICON-ecomob-.png\" alt=\"\" width=\"100\" height=\"98\" \/><img loading=\"lazy\" class=\"alignnone wp-image-195917\" src=\"https:\/\/easy-mobilier.com\/wp-content\/uploads\/2023\/04\/ICON-monte\u0301-.png\" alt=\"\" width=\"100\" height=\"98\" \/><img loading=\"lazy\" class=\"alignnone wp-image-195916\" src=\"https:\/\/easy-mobilier.com\/wp-content\/uploads\/2023\/04\/ICON-soft-.png\" alt=\"\" width=\"100\" height=\"98\" \/><img loading=\"lazy\" class=\"alignnone wp-image-195915\" src=\"https:\/\/easy-mobilier.com\/wp-content\/uploads\/2023\/04\/ICON-PET-.png\" alt=\"\" width=\"100\" height=\"98\" \/><img loading=\"lazy\" class=\"alignnone wp-image-195918\" src=\"https:\/\/easy-mobilier.com\/wp-content\/uploads\/2023\/04\/ICON-ecom-ob-.png\" alt=\"\" width=\"100\" height=\"98\" \/><\/p>\n<div class=\"container\" style=\"align-items: stretch\">\n<div class=\"row\">\n<div class=\"col-md-4\" style=\"background-color: #fcf7f7;margin: 10px 10px 10px 0;padding: 20px;border-radius: 10px\">\n<div class=\"product-block\">\n<header class=\"bd-Product-block-header bd-Product-block-header--border bd-Product-block-header--left jsbd-Product-block-header\">\n<h3 class=\"bd-Product-title bd-Product-title--details bd-Title-level2\" style=\"font-family: 'CaslonGraD'\"><span class=\"bd-Strong\">Informations<\/span> produits<\/h3>\n<\/header>\n<p>Le Meuble bas 2 tiroirs casseroliers (Soft close) L60 x H85 x P58 &#8211; Blanc m\u00e9lamin\u00e9 mat est compos\u00e9 de :<\/p>\n<ul>\n<li>1 caisson bas blanc L40 x H85 x P58 \u00a0(dont 15cm de hauteur avec les pieds)<\/li>\n<li>2 fa\u00e7ades : 2 tiroirs L59,7 x H34,8 x P1,9<\/li>\n<li>2 m\u00e9canismes de tiroir soft close<\/li>\n<\/ul>\n<p>Poids : Environ 39kg<\/p>\n<p><span class=\"h3\">Livr\u00e9 mont\u00e9<\/span><\/p>\n<p><strong>Le meuble est livr\u00e9 mont\u00e9. Cela signifie que :<\/strong><\/p>\n<ul>\n<li>Le caisson est mont\u00e9<\/li>\n<li>Les portes ainsi que les charni\u00e8res et les fa\u00e7ades sont mont\u00e9es<\/li>\n<li>Les tiroirs ainsi que les charni\u00e8res et les m\u00e9canismes sont mont\u00e9s<\/li>\n<\/ul>\n<p><strong>De votre, c\u00f4t\u00e9, il vous restera \u00e0 :<\/strong><\/p>\n<ul>\n<li>Installer les poign\u00e9es (pr\u00e9percage)<\/li>\n<li>Installer les pieds (pr\u00e9percage)<\/li>\n<li>Ajuster les portes et les accessoires en effectuant les derniers r\u00e9glages n\u00e9cessaires.<\/li>\n<\/ul>\n<p>&nbsp;<\/p>\n<p><span class=\"h3\">Environnement et mat\u00e9riaux<\/span><\/p>\n<ul>\n<li>Nos caissons ont la certification PEFC<\/li>\n<li>Nos fa\u00e7ades ont \u00e9galement la certification PEFC<\/li>\n<li>Les fa\u00e7ades sont recouvertes de PET et non de PVC.<\/li>\n<li>La fabrication de nos meubles a lieu en Espagne.<\/li>\n<\/ul>\n<p>&nbsp;<\/p>\n<p><span class=\"h3\">Entretien du meuble<\/span><\/p>\n<p>Il est d\u00e9conseill\u00e9 d&#8217;utiliser des solvants, des \u00e9ponges m\u00e9talliques, de l&#8217;eau de javel, des acides, des d\u00e9tergents puissants, des produits nettoyants chimiques agressifs ou des solutions de nettoyage \u00e0 base de solvants sur le produit. Il est recommand\u00e9 de nettoyer le produit avec un chiffon humide non abrasif ou une microfibre, puis de terminer en essuyant avec une microfibre ou un chiffon sec.<\/p>\n<\/div>\n<\/div>\n<div class=\"col-md-7\" style=\"background-color: #fcf7f7;margin: 10px 10px 10px 0;padding: 20px;border-radius: 10px\">\n<div class=\"product-block\">\n<h3 class=\"product-description-block-subtitle\" style=\"font-family: 'CaslonGraD'\">Descriptif technique du produit<\/h3>\n<p><span class=\"h3\">Le caisson mont\u00e9<\/span><\/p>\n<ul>\n<li>Caisson haute densit\u00e9 en panneau de particules m\u00e9lamin\u00e9 blanc \u00e9paisseur 16 mm, certifi\u00e9 PEFC.<\/li>\n<li>M\u00e9lamin\u00e9 double face blanc.<\/li>\n<li>Chants \u00e9pais antichoc (ABS 1,5 mm).<\/li>\n<li><strong> Dos \u00e0 glisser \u00e9paisseur 3mm.<\/strong><\/li>\n<li>\u00a0Vide sanitaire de 6cm<\/li>\n<li>Pieds plastiques r\u00e9glables de 13,2 \u00e0 20cm supportant une charge de 200kg\/pied fournis.<\/li>\n<li>Clips de plinthes fournis.<\/li>\n<li>Vis qui relie les caissons fournies.<\/li>\n<li>1 tablette en m\u00e9lamin\u00e9 blanc, \u00e9paisseur 16 mm, avec chants ABS.<\/li>\n<li>Garantie 20 ans<\/li>\n<\/ul>\n<p>&nbsp;<\/p>\n<p><span class=\"h3\">Le tiroir<\/span><\/p>\n<ul>\n<li>Le tiroir est \u00e0 double parois et a une profondeur de 500mm avec une sortie totale.<\/li>\n<li>Il poss\u00e8de un freinage avec un amortisseur int\u00e9gr\u00e9 pour \u00e9viter les chocs.<\/li>\n<li>La coulisse de tiroir est invisible pour une meilleure esth\u00e9tique.<\/li>\n<li>Le c\u00f4t\u00e9 et le dos du tiroir sont en m\u00e9tal, couleur gris.<\/li>\n<li>Le fond du tiroir est en m\u00e9lamin\u00e9 d\u00e9cor blanc avec une \u00e9paisseur de 16mm pour plus de r\u00e9sistance.<\/li>\n<li>Le tiroir peut supporter une charge allant jusqu&#8217;\u00e0 40kg.<\/li>\n<li>Garantie 20 ans<\/li>\n<\/ul>\n<p>&nbsp;<\/p>\n<p><span class=\"h3\">La fa\u00e7ade<\/span><\/p>\n<ul>\n<li>D\u00e9cor blanc mat en m\u00e9lamin\u00e9.<\/li>\n<li><strong> Epaisseur 19mm.<\/strong><\/li>\n<li>Double fa\u00e7e en m\u00e9lamin\u00e9 blanc.<\/li>\n<li>Panneau de fibre \u00e0 haute densit\u00e9.<\/li>\n<li>Finition douce au toucher gr\u00e2ce \u00e0 la technologie Soft Touch.<\/li>\n<li>Traitement anti-traces de doigts.<\/li>\n<li>D\u00e9j\u00e0 fix\u00e9e au caisson.<\/li>\n<li>Garantie 5 ans.<\/li>\n<\/ul>\n<p>&nbsp;<\/p>\n<p><span class=\"h3\">Les charni\u00e8res<\/span><\/p>\n<ul>\n<li>Charni\u00e8res m\u00e9talliques de haute qualit\u00e9.<\/li>\n<li>Charni\u00e8res \u00e0 visser.<\/li>\n<li>Syst\u00e8me soft close.<\/li>\n<li>D\u00e9j\u00e0 fix\u00e9e au caisson.<\/li>\n<li>Ouverture 100\u00b0.<\/li>\n<li>R\u00e9glage sur 3 axes : lat\u00e9ral, en hauteur et en profondeur.<\/li>\n<li>Garantie 20 ans.<\/li>\n<\/ul>\n<p>&nbsp;<\/p>\n<p><span class=\"h3\">Pr\u00e9cautions d&#8217;installation<\/span><\/p>\n<ul>\n<li>Il est n\u00e9cessaire de fixer les meubles au mur.<\/li>\n<li>Veillez \u00e0 utiliser les fixations appropri\u00e9es (telles que des chevilles et des vis) en fonction de la nature de vos murs.<\/li>\n<li>Fixez les meubles ensemble \u00e0 l&#8217;aide des vis de liaison fournies.<\/li>\n<li>Assurez-vous que les meubles sont de niveau avant de poser le plan de travail.<\/li>\n<\/ul>\n<p>Les photos ne sont pas contractuelles<\/p>\n<\/div>\n<\/div>\n<\/div>\n<\/div>\n","protected":false},"excerpt":{"rendered":"<p>Informations produits Le Meuble bas 2 tiroirs casseroliers (Soft close) L60 x H85 x P58 &#8211; Blanc m\u00e9lamin\u00e9 mat est compos\u00e9 de : 1 caisson bas blanc L40 x H85 x P58 \u00a0(dont 15cm de hauteur avec les pieds) 2 fa\u00e7ades : 2 tiroirs L59,7 x H34,8 x P1,9 2 m\u00e9canismes de tiroir soft close &hellip; <a href=\"https:\/\/demo.crmperks.com\/plugins\/product\/meuble-bas-2-tiroirs-casseroliers-soft-close-l60-x-h85-x-p58-blanc-melamine-mat-meuble-livre-monte\/\" class=\"more-link\">Continue reading<span class=\"screen-reader-text\"> &#8220;Meuble bas 2 tiroirs casseroliers (Soft close) L60 x H85 x P58 &#8211; Blanc m\u00e9lamin\u00e9 mat &#8211; meuble livr\u00e9 mont\u00e9&#8221;<\/span><\/a><\/p>\n","protected":false},"featured_media":0,"comment_status":"open","ping_status":"closed","template":"","meta":[],"product_cat":[16],"product_tag":[],"_links":{"self":[{"href":"https:\/\/demo.crmperks.com\/plugins\/wp-json\/wp\/v2\/product\/1068"}],"collection":[{"href":"https:\/\/demo.crmperks.com\/plugins\/wp-json\/wp\/v2\/product"}],"about":[{"href":"https:\/\/demo.crmperks.com\/plugins\/wp-json\/wp\/v2\/types\/product"}],"replies":[{"embeddable":true,"href":"https:\/\/demo.crmperks.com\/plugins\/wp-json\/wp\/v2\/comments?post=1068"}],"wp:attachment":[{"href":"https:\/\/demo.crmperks.com\/plugins\/wp-json\/wp\/v2\/media?parent=1068"}],"wp:term":[{"taxonomy":"product_cat","embeddable":true,"href":"https:\/\/demo.crmperks.com\/plugins\/wp-json\/wp\/v2\/product_cat?post=1068"},{"taxonomy":"product_tag","embeddable":true,"href":"https:\/\/demo.crmperks.com\/plugins\/wp-json\/wp\/v2\/product_tag?post=1068"}],"curies":[{"name":"wp","href":"https:\/\/api.w.org\/{rel}","templated":true}]}}